e
Suppose -70*k = -69*k - 4. Is -149*(-2 + 10*(-2)/k) composite?
True
Let s(x) = 185*x**2 - 3*x - 1. Let c be s(-2). Let u be 2/(-5) + 6*51/90. Suppose 2*g - c = -u*g. Is g composite?
False
Suppose -24*k + 191253 = -21*k. Is k a composite number?
True
Suppose 0 = -2*s - 8 + 12. Let v be s/(-11) + (-606)/(-66). Let p(b) = 2*b**2 - 6*b + 5. Is p(v) composite?
False
Let f = -74 + 125. Suppose 2*k + 2*d - 205 + f = 0, -3*k - 4*d = -231. Is k composite?
True
Let o be (10/40)/(2/40). Suppose q + 5187 = o*i, -3*i + 128 = -q - 2985. Is i prime?
False
Suppose 2749 + 515 = -4*h. Let y = -567 - h. Is y composite?
True
Let w(v) = -15*v**2 - 2*v - 2. Let b be w(-1). Is -2*3*(2 + b/6) prime?
True
Let i = -8365 - -16302. Is i a prime number?
True
Let g(r) = 577*r + 166. Is g(25) composite?
False
Let u be (2 - (-44)/(-16))/((-1)/16). Let v = u - -455. Is v prime?
True
Suppose 0 = 2*i - i. Suppose q - 797 = -i*q. Is q a prime number?
True
Suppose 0*f - f + 3 = 0. Suppose -5*m + 6*c = f*c - 910, -3*m + 562 = -5*c. Is m a composite number?
False
Let s(y) be the third derivative of -y**6/60 - y**5/30 + 3*y**4/4 - y**3/2 + 20*y**2. Is s(-11) composite?
True
Suppose -3*i - 74 = 31. Let w = 72 + i. Suppose s = -0*s + w. Is s composite?
False
Suppose 39*x - 378996 = 27*x. Is x composite?
False
Let o be (-2)/14 - 494912/(-133). Let y = 5264 - o. Is y composite?
False
Is (-2)/((-4)/(-3593))*(-16 + 14) a prime number?
True
Is (-2)/(16/(-56))*19121 a composite number?
True
Is (-40720)/(-60)*(-2)/(-16)*66 a composite number?
True
Let j(g) = 5*g**2 + 6*g - 6. Let x be j(-5). Suppose -19*r = -20*r + x. Is r prime?
True
Suppose 2*t - 4*k = -14, 4*t - 6*t - 4 = -2*k. Let z be (-70)/9 - 2/9. Is (-446)/(z + t + 3) a prime number?
True
Suppose -15 = -3*c - 0*c. Suppose -d = -c*d + 268. Is d a composite number?
False
Suppose -2*x + 30 = -5*x. Let u = x + 6. Is (3 - 1) + u - -361 composite?
False
Let k(c) = 325*c + 188. Is k(29) prime?
True
Let i(y) = -24*y**3 + 52*y**3 - 6*y - 24*y**3 + 5*y**2 + 6. Is i(3) a composite number?
True
Suppose 3 = -4*k + 15. Let b(n) be the third derivative of n**6/60 - n**5/20 + n**4/8 - n**3/2 - 52*n**2. Is b(k) a prime number?
False
Let g(n) = -n**3 + n**2 + 4*n. Let b be g(-3). Suppose -4*o + t - 25 = 0, -2*o + t + 9 - b = 0. Is o*23*(-4)/4 composite?
True
Is (37385/(-4)*2)/(98/(-196)) composite?
True
Suppose 10*m + 4*a + 146627 = 15*m, -m - 4*a + 29335 = 0. Is m prime?
True
Suppose -5*z + 1843 + 24132 = 0. Suppose -8653 = -8*p + z. Is p composite?
True
Suppose z - 3*h = 5*z - 4392, -1093 = -z - 2*h. Is z composite?
True
Let c(k) = 572*k**2 - 7. Is c(-5) a composite number?
False
Suppose 0*j + j - 5 = 0. Let h = -3 + j. Suppose 783 = r + 2*r - 2*c, 0 = r - h*c - 257. Is r composite?
False
Let x(u) be the first derivative of -2*u**2 + 1211*u - 29. Is x(0) a prime number?
False
Let w(o) = -o - 6. Let u(g) = -g**3 - 10*g**2 + 13*g + 16. Let k be u(-11). Let h be w(k). Suppose -2*f + 624 = 4*t, f - 626 = -4*t - h*f. Is t composite?
False
Let l = -197 + -142. Let j = 896 + l. Is j a composite number?
False
Let d be (-68)/(-51)*15/4. Suppose -3*r + 1240 = d*b, -4*b + 6*b + 2*r = 492. Is b prime?
True
Let m(n) = -n**3 - 7*n**2 - 2*n - 10. Let q be m(-7). Suppose -3222 = -2*v - q*v. Is v composite?
True
Let n(g) = -137*g**3 - 2*g**2 + 16*g + 16. Is n(-5) a prime number?
True
Suppose -20*y + 25*y - 42505 = 0. Is y a prime number?
True
Let c(u) = 4*u**3 - 11*u**2 + 5*u + 1. Let s be 3*(-2 + -1 + 204/36). Is c(s) composite?
True
Let y(c) = -43*c**2 - 3*c - 1. Let f be y(4). Let m = -394 - f. Is m prime?
True
Suppose -h + 2861 + 3092 = -5*q, 0 = -h + q + 5953. Is h prime?
True
Suppose -2*l + 726 = -5*l. Suppose 393 = c + 15*j - 18*j, 0 = -3*c - j + 1149. Let k = l + c. Is k a composite number?
True
Let l = -63 - -54. Is l/(-15) - 15136/(-40) a composite number?
False
Let h(r) = 100*r**3 - 2*r**2 + 4*r - 3. Let k = 37 - 35. Is h(k) composite?
False
Let i(o) = 36*o**2 + 60*o - 73. Is i(-34) a composite number?
False
Let y(w) = 14*w**2 - 1. Is y(6) a prime number?
True
Let k(c) = 5*c**2 - 19*c - 23. Is k(-10) a prime number?
False
Let x(u) = -5 + 20*u**3 + 0 + 5*u + 0 + 4*u**2 + 2. Is x(4) a prime number?
True
Let d = -358 + 624. Let w = -162 + d. Let q = 207 - w. Is q a composite number?
False
Is (-15127)/(-28)*(-8)/(-2) a prime number?
True
Let x = 1927 - 860. Is x composite?
True
Let r(u) = -u**3 + u**2 - u. Let o(w) = -7*w**3 + 5*w**2 + 0*w - 2*w + 0*w - 3. Let l(a) = -o(a) + 4*r(a). Is l(3) composite?
True
Let r be 6 - -1 - (3 - 1). Suppose -2 - 2 = -4*m, -w = r*m - 312. Is w prime?
True
Suppose 20995 = 8*u + 523. Is u a composite number?
True
Is (673/(-3))/(6/(-18)) a composite number?
False
Suppose -2*w + 0*w + 12 = 0. Suppose 0 = -a, 3*h - a + 978 = w*h. Is h a prime number?
False
Suppose i + 2*i = 165. Let x be (-12)/5*i/(-22). Suppose -5*q = -d - 922, x*d - d = 4*q - 725. Is q prime?
False
Let a(p) be the third derivative of 17*p**5/60 - p**4/2 + 5*p**3/6 + p**2. Is a(-7) composite?
True
Suppose 10*l - 36745 - 47125 = 0. Is l composite?
False
Is 134790/21 + 3/7 + 2 composite?
False
Let d(l) = -l - 1. Let j(y) = y**2 + 3*y + 344. Let p(o) = 3*d(o) + j(o). Is p(0) prime?
False
Let u be 6/(-4)*(-13 + 5 + 6). Suppose 2*d = -3*l + 72, -4*d - l + 140 = u*l. Is d prime?
False
Let t(h) = 8*h - 2. Let x be t(1). Suppose x*m - 1433 - 481 = 0. Is m a prime number?
False
Let q(u) = u**2 - 4*u + 2. Let m be q(4). Is ((-831)/(-12))/(m/16) a composite number?
True
Suppose j - 2*t - 1724 = 4446, 0 = -2*j - 2*t + 12328. Is j composite?
True
Is (-2)/(184410/26346 - 7) a prime number?
True
Suppose 19158 = 3*j + 3*u, 0*j = -5*j - 3*u + 31928. Is j prime?
False
Suppose -6 = -10*b + 13*b + 3*j, -5*j - 15 = 0. Is (6 + (-1434)/(-12))*(b + 1) a prime number?
True
Let i(d) = 25 - 79*d - 23 - 13. Let w(f) = -5*f + 1. Let j be w(1). Is i(j) composite?
True
Let a(o) = -14*o**3 - o**2 + 6*o - 29. Is a(-16) composite?
False
Suppose 16*r = 74*r - 568226. Is r prime?
False
Let y(x) = -x - 15. Let o be y(-18). Suppose -4*n + 0*n + 10223 = 3*j, o*j + 5*n = 10222. Is j composite?
True
Suppose 0 = -3*f - 1 + 10. Suppose f*i = 62 + 367. Is i a prime number?
False
Let f(q) = -2*q + 14. Let m be f(6). Suppose -45 = -u - m*u. Is 496 + 2*u/10 composite?
False
Let n = -63 - -171. Suppose 105 = l - n. Let q = l - 98. Is q a composite number?
True
Let u = -118 + 49. Let p(v) = -22*v + 18. Let w be p(-13). Let m = u + w. Is m a composite number?
True
Let i = -30 + 53. Let p = -17 + i. Suppose -p*c + c + 2251 = -w, -4*c = -w - 1800. Is c a prime number?
False
Let l(m) = -1400*m**3 + m**2 - 2. Let f(b) = -4*b - 53. Let z be f(-13). Is l(z) a composite number?
False
Is 6511*(-6 + 56/8) a composite number?
True
Suppose -139 = 2*t - 123. Let r(b) = b**3 + 14*b**2 - 12*b + 1. Is r(t) a composite number?
True
Suppose -147 + 1234 = z. Is z prime?
True
Let r(c) = 2*c**2 - 5*c + 7. Suppose 6*g = 2*g - 3*s - 20, 2*s + 15 = -3*g. Is r(g) a prime number?
False
Let q(h) = 8*h**2 - 3*h - 62. Is q(-9) a prime number?
True
Suppose k + 47 = -0*k. Suppose -3*g = 5*m + 397, -3*g - 195 = 3*m + 192. Let c = k - g. Is c prime?
False
Let h(w) = 44*w + 27. Suppose -2*q + 3*q = 5*m - 48, 0 = q - 2. Is h(m) a prime number?
True
Let m = -8800 - -12354. Suppose 4*f - t - m = t, -t = 3*f - 2668. Is f prime?
False
Suppose -4*v - 5*h + 65 = 0, -v + 10 = h - 6. Suppose 4*j - 31 = -v. Suppose -q - 2121 = -j*q. Is q a composite number?
True
Let t be 2/2 + 0/3. Let h be (t*5)/(16/4160). Let i = h + 115. Is i a prime number?
False
Let m(v) = 7*v - 14 + 0*v - v**2 + 6*v. Let j be m(12). Is (2086/21)/(j/(-3)) a composite number?
False
Let u = 986 + 185. Is u a prime number?
True
Suppose -338126 + 54527 = -9*c. Is c prime?
True
Let v(f) = -175*f + 1. Is v(-34) composite?
True
Let m(z) = z**3 - 14*z**2 + 16. Let h be m(14). Let f be ((-2152)/h)/((-1)/2). Let i = 62 + f. Is i prime?
True
Suppose -309973 = -4*v - 7529. Is v a composite number?
False
Let r(i) = 21*i + 22. Let q(u) = -11*u - 11. Let h(t) = -5*q(t) - 3*r(t). Is h(-10) prime?
False
Let m(b) = 12*b**3 - 4*b**2 - 9*b + 6. Let t(c) = 13*c**3 - 5*c**2 - 10*c + 7. Let s(n) = -6*m(n) + 5*t(n). Is s(-4) prime?
False
Let r = -17 + 21. Suppose -2*s = -r*s. Suppose s = j + 65 - 391